
8
What is the thousands digit of 3812?
3
What is the hundreds digit of 92247?
2
What is the tens digit of 224?
2
What is the ten thousands digit of 18454?
1
What is the tens digit of 95842?
4
What is the ten thousands digit of 68409?
6
What is the thousands digit of 1771?
1
What is the hundreds digit of 349?
3
What is the tens digit of 9469?
6
What is the hundreds digit of 14828?
8
What is the tens digit of 32230?
3
What is the units digit of 82392?
2
What is the hundreds digit of 38851?
8
What is the hundreds digit of 317?
3
What is the tens digit of 10837?
3
What is the hundreds digit of 1323?
3
What is the tens digit of 1071?
7
What is the ten thousands digit of 31093?
3
What is the units digit of 5262?
2
What is the hundreds digit of 477?
4
What is the hundreds digit of 777?
7
What is the units digit of 3106?
6
What is the units digit of 15115?
5
What is the hundreds digit of 1594?
5
What is the tens digit of 72921?
2
What is the tens digit of 14962?
6
What is the tens digit of 16298?
9
What is the units digit of 1425?
5
What is the tens digit of 549?
4
What is the thousands digit of 1310?
1
What is the units digit of 3164?
4
What is the units digit of 1491?
1
What is the ten thousands digit of 13042?
1
What is the units digit of 2515?
5
What is the units digit of 6137?
7
What is the tens digit of 88177?
7
What is the tens digit of 6045?
4
What is the tens digit of 146?
4
What is the hundreds digit of 927?
9
What is the units digit of 1385?
5
What is the units digit of 21857?
7
What is the units digit of 906?
6
What is the hundreds digit of 120529?
5
What is the tens digit of 7973?
7
What is the thousands digit of 49306?
9
What is the thousands digit of 61780?
1
What is the units digit of 2156?
6
What is the hundreds digit of 7198?
1
What is the ten thousands digit of 86654?
8
What is the thousands digit of 1186?
1
What is the hundreds digit of 134?
1
What is the hundreds digit of 4211?
2
What is the units digit of 827?
7
What is the thousands digit of 38317?
8
What is the hundred thousands digit of 107107?
1
What is the units digit of 5572?
2
What is the hundreds digit of 9778?
7
What is the tens digit of 35599?
9
What is the units digit of 60584?
4
What is the thousands digit of 6181?
6
What is the tens digit of 11366?
6
What is the tens digit of 1037?
3
What is the tens digit of 948?
4
What is the tens digit of 819?
1
What is the units digit of 399?
9
What is the hundreds digit of 2727?
7
What is the tens digit of 2723?
2
What is the hundreds digit of 14751?
7
What is the hundreds digit of 15402?
4
What is the units digit of 1250?
0
What is the thousands digit of 2599?
2
What is the hundreds digit of 8067?
0
What is the thousands digit of 46925?
6
What is the hundreds digit of 126407?
4
What is the thousands digit of 10117?
0
What is the hundreds digit of 52079?
0
What is the hundreds digit of 670?
6
What is the units digit of 178729?
9
What is the tens digit of 78162?
6
What is the tens digit of 5941?
4
What is the ten thousands digit of 10071?
1
What is the units digit of 69071?
1
What is the hundreds digit of 13940?
9
What is the tens digit of 2067?
6
What is the hundreds digit of 2216?
2
What is the hundreds digit of 6900?
9
What is the units digit of 23370?
0
What is the thousands digit of 6943?
6
What is the tens digit of 3993?
9
What is the units digit of 5508?
8
What is the thousands digit of 60461?
0
What is the units digit of 11771?
1
What is the units digit of 1218?
8
What is the tens digit of 1166?
6
What is the units digit of 1610?
0
What is the tens digit of 3411?
1
What is the hundreds digit of 46780?
7
What is the units digit of 682?
2
What is the ten thousands digit of 21813?
2
What is the hundreds digit of 48733?
7
What is the hundreds digit of 9633?
6
What is the thousands digit of 37445?
7
What is the tens digit of 2884?
8
What is the tens digit of 4708?
0
What is the units digit of 13408?
8
What is the tens digit of 9565?
6
What is the units digit of 4994?
4
What is the hundreds digit of 74322?
3
What is the thousands digit of 1781?
1
What is the tens digit of 3583?
8
What is the units digit of 409?
9
What is the thousands digit of 7154?
7
What is the tens digit of 2113?
1
What is the tens digit of 6881?
8
What is the hundreds digit of 374?
3
What is the units digit of 2089?
9
What is the tens digit of 2834?
3
What is the units digit of 5610?
0
What is the units digit of 559?
9
What is the ten thousands digit of 44097?
4
What is the tens digit of 18?
1
What is the hundreds digit of 656?
6
What is the units digit of 46851?
1
What is the thousands digit of 28415?
8
What is the ten thousands digit of 30308?
3
What is the tens digit of 41301?
0
What is the hundreds digit of 9310?
3
What is the units digit of 34192?
2
What is the units digit of 39?
9
What is the tens digit of 42437?
3
What is the hundreds digit of 47755?
7
What is the tens digit of 47212?
1
What is the tens digit of 81111?
1
What is the units digit of 110870?
0
What is the units digit of 11732?
2
What is the tens digit of 2970?
7
What is the thousands digit of 3548?
3
What is the thousands digit of 3747?
3
What is the hundreds digit of 23319?
3
What is the thousands digit of 33445?
3
What is the thousands digit of 5999?
5
What is the tens digit of 952?
5
What is the tens digit of 5558?
5
What is the tens digit of 14464?
6
What is the units digit of 30412?
2
What is the hundreds digit of 3411?
4
What is the tens digit of 11536?
3
What is the thousands digit of 16519?
6
What is the hundreds digit of 990?
9
What is the ten thousands digit of 20749?
2
What is the thousands digit of 1682?
1
What is the tens digit of 5704?
0
What is the units digit of 2283?
3
What is the hundreds digit of 4735?
7
What is the tens digit of 3238?
3
What is the thousands digit of 3656?
3
What is the hundreds digit of 211?
2
What is the hundreds digit of 1057?
0
What is the thousands digit of 6793?
6
What is the tens digit of 92537?
3
What is the tens digit of 895?
9
What is the tens digit of 1188?
8
What is the thousands digit of 6798?
6
What is the units digit of 723?
3
What is the tens digit of 63983?
8
What is the units digit of 3083?
3
What is the units digit of 13753?
3
What is the units digit of 2393?
3
What is the units digit of 918?
8
What is the tens digit of 284?
8
What is the units digit of 662?
2
What is the units digit of 35552?
2
What is the thousands digit of 7339?
7
What is the thousands digit of 1473?
1
What is the tens digit of 426?
2
What is the thousands digit of 10120?
0
What is the hundreds digit of 3102?
1
What is the tens digit of 1021?
2
What is the tens digit of 32224?
2
What is the thousands digit of 35890?
5
What is the ten thousands digit of 90355?
9
What is the thousands digit of 3013?
3
What is the tens digit of 1461?
6
What is the tens digit of 20141?
4
What is the thousands digit of 9432?
9
What is the tens digit of 2194?
9
What is the hundreds digit of 82922?
9
What is the thousands digit of 2265?
2
What is the thousands digit of 5791?
5
What is the thousands digit of 39376?
9
What is the tens digit of 173885?
8
What is the thousands digit of 8037?
8
What is the tens digit of 1700?
0
What is the hundreds digit of 605?
6
What is the tens digit of 722?
2
What is the thousands digit of 1529?
1
What is the units digit of 262?
2
What is the thousands digit of 1294?
1
What is the units digit of 47713?
3
What is the units digit of 6946?
6
What is the ten thousands digit of 61894?
6
What is the units digit of 17176?
6
What is the units digit of 23351?
1
What is the tens digit of 38333?
3
What is the tens digit of 12191?
9
What is the tens digit of 790?
9
What is the thousands digit of 49030?
9
What is the hundreds digit of 2340?
3
What is the units digit of 3199?
9
What is the hundreds digit of 2801?
8
What is the units digit of 4394?
4
What is the tens digit of 1432?
3
What is the units digit of 6069?
9
What is the tens digit of 27782?
8
What is the hundreds digit of 63463?
4
What is the ten thousands digit of 32747?
3
What is the hundreds digit of 1759?
7
What is the tens digit of 54690?
9
What is the thousands digit of 5824?
5
What is the hundreds digit of 11011?
0
What is the tens digit of 1356?
5
What is the units digit of 79858?
8
What is the